{"id":1625,"date":"2024-06-21T15:20:23","date_gmt":"2024-06-21T13:20:23","guid":{"rendered":"https:\/\/bauapp.pl\/?page_id=1625"},"modified":"2024-06-26T13:59:28","modified_gmt":"2024-06-26T11:59:28","slug":"kariera","status":"publish","type":"page","link":"https:\/\/bauapp.pl\/?page_id=1625","title":{"rendered":"KARIERA"},"content":{"rendered":"<section class=\"l-section wpb_row us_custom_f895abe2 teszt has_text_color height_medium parallax_hor bgwidth_130\"><div class=\"l-section-h i-cf\"><div class=\"g-cols vc_row via_grid cols_1 laptops-cols_inherit tablets-cols_inherit mobiles-cols_1 valign_top type_default stacking_default\"><div class=\"wpb_column vc_column_container\"><div class=\"vc_column-inner\"><div class=\"wpb_text_column\"><div class=\"wpb_wrapper\"><div class=\"paralaxeffect\"><\/div>\n<h1 style=\"text-align: center;\"><\/h1>\n<h1><\/h1>\n<p>&nbsp;<\/p>\n<p>&nbsp;<\/p>\n<h1 style=\"text-transform: uppercase; text-align: center;\"><strong>Do\u0142\u0105cz do Zespo\u0142u BauApp!<\/strong><\/h1>\n<p>&nbsp;<\/p>\n<p>&nbsp;<\/p>\n<\/div><\/div><\/div><\/div><\/div><\/div><\/section><section class=\"l-section wpb_row height_medium\"><div class=\"l-section-h i-cf\"><div class=\"g-cols vc_row via_grid cols_1 laptops-cols_inherit tablets-cols_inherit mobiles-cols_1 valign_top type_default stacking_default\"><div class=\"wpb_column vc_column_container\"><div class=\"vc_column-inner\"><div class=\"wpb_text_column\"><div class=\"wpb_wrapper\"><h2 class=\"p1\" style=\"text-align: center;\">AKTUALNE OFERTY PRACY<\/h2>\n<\/div><\/div><\/div><\/div><\/div><\/div><\/section><section class=\"l-section wpb_row height_medium\"><div class=\"l-section-h i-cf\"><div class=\"g-cols vc_row via_grid cols_1 laptops-cols_inherit tablets-cols_inherit mobiles-cols_1 valign_top type_default stacking_default\"><div class=\"wpb_column vc_column_container\"><div class=\"vc_column-inner\"><div class=\"wpb_text_column\"><div class=\"wpb_wrapper\"><div class=\"job-info\">\n<h6><a href=\"https:\/\/bauapp.pl\/?page_id=1677\"><span class=\"job-title\" style=\"color: #038b45;\">Part time Finance and Administration Coordinator<\/span><\/a><\/h6>\n<\/div>\n<p>&nbsp;<\/p>\n<p>Part time Finance and Administration Coordinator Poland, Warsaw, ul. Prosta 20, hybrid work, part time, contract of employment, specialist (mid \/ regular), immediate employment, attractive salary, rem&#8230;<\/p>\n<p>&nbsp;<\/p>\n<\/div><\/div><div class=\"w-btn-wrapper align_none\"><a class=\"w-btn us-btn-style_6 us_custom_dad8f27b\" href=\"https:\/\/bauapp.pl\/?page_id=1677\"><span class=\"w-btn-label\">Read More<\/span><\/a><\/div><div class=\"wpb_text_column\"><div class=\"wpb_wrapper\"><hr class=\"vonal\" \/>\n<\/div><\/div><div class=\"wpb_text_column\"><div class=\"wpb_wrapper\"><header>\n<div class=\"job-info\">\n<h6><a href=\"https:\/\/bauapp.pl\/?page_id=1706\"><span class=\"job-title\" style=\"color: #038b45;\">Customer Service Specialist<\/span><\/a><\/h6>\n<\/div>\n<\/header>\n<p>&nbsp;<\/p>\n<p>Customer Service Specialist Poland, Warsaw, ul. Prosta 20, hybrid work, full time, contract of employment, junior specialist, immediate employment, attractive salary, remote recruitment \u00a0 \u00a0 &#8230;<\/p>\n<p>&nbsp;<\/p>\n<\/div><\/div><div class=\"w-btn-wrapper align_none\"><a class=\"w-btn us-btn-style_6 us_custom_dad8f27b\" href=\"https:\/\/bauapp.pl\/?page_id=1706\"><span class=\"w-btn-label\">Read More<\/span><\/a><\/div><div class=\"wpb_text_column\"><div class=\"wpb_wrapper\"><hr class=\"vonal\" \/>\n<\/div><\/div><\/div><\/div><\/div><\/div><\/section>\n","protected":false},"excerpt":{"rendered":"&nbsp; &nbsp; Do\u0142\u0105cz do Zespo\u0142u BauApp! &nbsp; &nbsp; AKTUALNE OFERTY PRACY Part time Finance and Administration Coordinator &nbsp; Part time Finance and Administration Coordinator Poland, Warsaw, ul. Prosta 20, hybrid work, part time, contract of employment, specialist (mid \/ regular), immediate employment, attractive salary, rem&#8230; &nbsp; Read More Customer Service Specialist &nbsp; Customer Service Specialist...","protected":false},"author":1,"featured_media":0,"parent":0,"menu_order":0,"comment_status":"closed","ping_status":"closed","template":"","meta":{"_exactmetrics_skip_tracking":false,"_exactmetrics_sitenote_active":false,"_exactmetrics_sitenote_note":"","_exactmetrics_sitenote_category":0,"footnotes":""},"class_list":["post-1625","page","type-page","status-publish","hentry"],"yoast_head":"<!-- This site is optimized with the Yoast SEO plugin v27.4 - https:\/\/yoast.com\/product\/yoast-seo-wordpress\/ -->\n<title>KARIERA - bauapp.pl<\/title>\n<meta name=\"robots\" content=\"index, follow, max-snippet:-1, max-image-preview:large, max-video-preview:-1\" \/>\n<link rel=\"canonical\" href=\"https:\/\/bauapp.pl\/?page_id=1625\" \/>\n<meta property=\"og:locale\" content=\"hu_HU\" \/>\n<meta property=\"og:type\" content=\"article\" \/>\n<meta property=\"og:title\" content=\"KARIERA - bauapp.pl\" \/>\n<meta property=\"og:url\" content=\"https:\/\/bauapp.pl\/?page_id=1625\" \/>\n<meta property=\"og:site_name\" content=\"bauapp.pl\" \/>\n<meta property=\"article:modified_time\" content=\"2024-06-26T11:59:28+00:00\" \/>\n<meta name=\"twitter:card\" content=\"summary_large_image\" \/>\n<meta name=\"twitter:label1\" content=\"Becs\u00fclt olvas\u00e1si id\u0151\" \/>\n\t<meta name=\"twitter:data1\" content=\"1 perc\" \/>\n<script type=\"application\/ld+json\" class=\"yoast-schema-graph\">{\"@context\":\"https:\\\/\\\/schema.org\",\"@graph\":[{\"@type\":\"WebPage\",\"@id\":\"https:\\\/\\\/bauapp.pl\\\/?page_id=1625\",\"url\":\"https:\\\/\\\/bauapp.pl\\\/?page_id=1625\",\"name\":\"KARIERA - bauapp.pl\",\"isPartOf\":{\"@id\":\"https:\\\/\\\/bauapp.pl\\\/#website\"},\"datePublished\":\"2024-06-21T13:20:23+00:00\",\"dateModified\":\"2024-06-26T11:59:28+00:00\",\"breadcrumb\":{\"@id\":\"https:\\\/\\\/bauapp.pl\\\/?page_id=1625#breadcrumb\"},\"inLanguage\":\"hu\",\"potentialAction\":[{\"@type\":\"ReadAction\",\"target\":[\"https:\\\/\\\/bauapp.pl\\\/?page_id=1625\"]}]},{\"@type\":\"BreadcrumbList\",\"@id\":\"https:\\\/\\\/bauapp.pl\\\/?page_id=1625#breadcrumb\",\"itemListElement\":[{\"@type\":\"ListItem\",\"position\":1,\"name\":\"Kezd\u0151lap\",\"item\":\"https:\\\/\\\/bauapp.pl\\\/\"},{\"@type\":\"ListItem\",\"position\":2,\"name\":\"KARIERA\"}]},{\"@type\":\"WebSite\",\"@id\":\"https:\\\/\\\/bauapp.pl\\\/#website\",\"url\":\"https:\\\/\\\/bauapp.pl\\\/\",\"name\":\"bauapp.pl\",\"description\":\"Aplikacja mobilna Bauapp Kft Construction\",\"potentialAction\":[{\"@type\":\"SearchAction\",\"target\":{\"@type\":\"EntryPoint\",\"urlTemplate\":\"https:\\\/\\\/bauapp.pl\\\/?s={search_term_string}\"},\"query-input\":{\"@type\":\"PropertyValueSpecification\",\"valueRequired\":true,\"valueName\":\"search_term_string\"}}],\"inLanguage\":\"hu\"}]}<\/script>\n<!-- \/ Yoast SEO plugin. -->","yoast_head_json":{"title":"KARIERA - bauapp.pl","robots":{"index":"index","follow":"follow","max-snippet":"max-snippet:-1","max-image-preview":"max-image-preview:large","max-video-preview":"max-video-preview:-1"},"canonical":"https:\/\/bauapp.pl\/?page_id=1625","og_locale":"hu_HU","og_type":"article","og_title":"KARIERA - bauapp.pl","og_url":"https:\/\/bauapp.pl\/?page_id=1625","og_site_name":"bauapp.pl","article_modified_time":"2024-06-26T11:59:28+00:00","twitter_card":"summary_large_image","twitter_misc":{"Becs\u00fclt olvas\u00e1si id\u0151":"1 perc"},"schema":{"@context":"https:\/\/schema.org","@graph":[{"@type":"WebPage","@id":"https:\/\/bauapp.pl\/?page_id=1625","url":"https:\/\/bauapp.pl\/?page_id=1625","name":"KARIERA - bauapp.pl","isPartOf":{"@id":"https:\/\/bauapp.pl\/#website"},"datePublished":"2024-06-21T13:20:23+00:00","dateModified":"2024-06-26T11:59:28+00:00","breadcrumb":{"@id":"https:\/\/bauapp.pl\/?page_id=1625#breadcrumb"},"inLanguage":"hu","potentialAction":[{"@type":"ReadAction","target":["https:\/\/bauapp.pl\/?page_id=1625"]}]},{"@type":"BreadcrumbList","@id":"https:\/\/bauapp.pl\/?page_id=1625#breadcrumb","itemListElement":[{"@type":"ListItem","position":1,"name":"Kezd\u0151lap","item":"https:\/\/bauapp.pl\/"},{"@type":"ListItem","position":2,"name":"KARIERA"}]},{"@type":"WebSite","@id":"https:\/\/bauapp.pl\/#website","url":"https:\/\/bauapp.pl\/","name":"bauapp.pl","description":"Aplikacja mobilna Bauapp Kft Construction","potentialAction":[{"@type":"SearchAction","target":{"@type":"EntryPoint","urlTemplate":"https:\/\/bauapp.pl\/?s={search_term_string}"},"query-input":{"@type":"PropertyValueSpecification","valueRequired":true,"valueName":"search_term_string"}}],"inLanguage":"hu"}]}},"_links":{"self":[{"href":"https:\/\/bauapp.pl\/index.php?rest_route=\/wp\/v2\/pages\/1625","targetHints":{"allow":["GET"]}}],"collection":[{"href":"https:\/\/bauapp.pl\/index.php?rest_route=\/wp\/v2\/pages"}],"about":[{"href":"https:\/\/bauapp.pl\/index.php?rest_route=\/wp\/v2\/types\/page"}],"author":[{"embeddable":true,"href":"https:\/\/bauapp.pl\/index.php?rest_route=\/wp\/v2\/users\/1"}],"replies":[{"embeddable":true,"href":"https:\/\/bauapp.pl\/index.php?rest_route=%2Fwp%2Fv2%2Fcomments&post=1625"}],"version-history":[{"count":56,"href":"https:\/\/bauapp.pl\/index.php?rest_route=\/wp\/v2\/pages\/1625\/revisions"}],"predecessor-version":[{"id":1779,"href":"https:\/\/bauapp.pl\/index.php?rest_route=\/wp\/v2\/pages\/1625\/revisions\/1779"}],"wp:attachment":[{"href":"https:\/\/bauapp.pl\/index.php?rest_route=%2Fwp%2Fv2%2Fmedia&parent=1625"}],"curies":[{"name":"wp","href":"https:\/\/api.w.org\/{rel}","templated":true}]}}