{"id":1677,"date":"2024-06-24T13:04:30","date_gmt":"2024-06-24T11:04:30","guid":{"rendered":"https:\/\/bauapp.pl\/?page_id=1677"},"modified":"2024-06-24T15:03:20","modified_gmt":"2024-06-24T13:03:20","slug":"part_time","status":"publish","type":"page","link":"https:\/\/bauapp.pl\/?page_id=1677","title":{"rendered":"Part_time"},"content":{"rendered":"<section class=\"l-section wpb_row height_medium\"><div class=\"l-section-h i-cf\"><div class=\"g-cols vc_row via_grid cols_1 laptops-cols_inherit tablets-cols_inherit mobiles-cols_1 valign_top type_default stacking_default\"><div class=\"wpb_column vc_column_container\"><div class=\"vc_column-inner\"><div class=\"g-cols wpb_row via_grid cols_1 laptops-cols_inherit tablets-cols_inherit mobiles-cols_1 valign_top type_default stacking_default\" style=\"--gap:3rem;\"><div class=\"wpb_column vc_column_container\"><div class=\"vc_column-inner\"><div class=\"wpb_text_column\"><div class=\"wpb_wrapper\"><h1 class=\"w-page-title align_left type_inline\" style=\"color: #00008B\"><span>Part time Finance and Administration Coordinator<\/span><\/h1>\n<h4>Poland, Warsaw, ul. Prosta 20,<\/h4>\n<h4>hybrid work, part time, contract of employment, specialist (mid \/ regular),<\/h4>\n<h4>immediate employment, attractive salary, remote recruitment<\/h4>\n<hr class=\"vonal\" \/>\n<\/div><\/div><\/div><\/div><\/div><div class=\"wpb_text_column\"><div class=\"wpb_wrapper\"><h6><strong>Your responsibilities<\/strong><\/h6>\n<ul>\n<li data-test=\"two-column-list-itemParagraph\">Administrative tasks: invoicing, contracting, collecting and maintaining documents<\/li>\n<li data-test=\"two-column-list-itemParagraph\">Budgeting and controlling<\/li>\n<li data-test=\"two-column-list-itemParagraph\">Keeping contact with the bookkeeper company<\/li>\n<li data-test=\"two-column-list-itemParagraph\">Supporting the organization by providing a well functioning office<\/li>\n<\/ul>\n<h6><strong>Our requirements<\/strong><\/h6>\n<ul>\n<li data-test=\"two-column-list-itemParagraph\">Higher education (business or finance studies are welcome),<\/li>\n<li data-test=\"two-column-list-itemParagraph\">Expert knowledge of Excel<\/li>\n<li data-test=\"two-column-list-itemParagraph\">Minimum 3 years of work experience in finance and administration<\/li>\n<li data-test=\"two-column-list-itemParagraph\">Deep and thorough understanding of finance and accounting<\/li>\n<li data-test=\"two-column-list-itemParagraph\">Basic legal knowledge<\/li>\n<li data-test=\"two-column-list-itemParagraph\">Ability to work in an international and dynamic team,<\/li>\n<li data-test=\"two-column-list-itemParagraph\">Independence in action and very good organization of work,<\/li>\n<li data-test=\"two-column-list-itemParagraph\">Willingness to learn and willingness for long-term development within the organization,<\/li>\n<li data-test=\"two-column-list-itemParagraph\">Willingness to travel on business \u2013 remote work from Budapest about 20% of the time,<\/li>\n<li data-test=\"two-column-list-itemParagraph\">Very good command of the English language<\/li>\n<li data-test=\"two-column-list-itemParagraph\">Native Polish language is a must.<\/li>\n<li data-test=\"two-column-list-itemParagraph\">Need to work \/ live in Warsaw<\/li>\n<li data-test=\"two-column-list-itemParagraph\">We can accept only English language applications<\/li>\n<\/ul>\n<h6><strong>Optional<\/strong><\/h6>\n<ul>\n<li data-test=\"two-column-list-itemParagraph\">experience in Jira ticketing<\/li>\n<li data-test=\"two-column-list-itemParagraph\">customer service or support experience<\/li>\n<li data-test=\"two-column-list-itemParagraph\">experience from international work environment is huge advantage.<\/li>\n<\/ul>\n<h6><strong>What we offer<\/strong><\/h6>\n<ul>\n<li data-test=\"two-column-list-itemParagraph\">Be part of the digital revolution in the largest industry (construction)<\/li>\n<li data-test=\"two-column-list-itemParagraph\">Competitive compensation package<\/li>\n<li data-test=\"two-column-list-itemParagraph\">Joining the team of 2021 years best Prop-tech company in Poland<\/li>\n<li data-test=\"two-column-list-itemParagraph\">Flexible working hours, including 1 day home office per week<\/li>\n<li data-test=\"two-column-list-itemParagraph\">Attractive office environment within Mennica Tower in Warsaw<\/li>\n<li data-test=\"two-column-list-itemParagraph\">Barista and unlimited coffee<\/li>\n<li data-test=\"two-column-list-itemParagraph\">International work environment,<\/li>\n<li data-test=\"two-column-list-itemParagraph\">Be part of a dynamically growing startup,<\/li>\n<li data-test=\"two-column-list-itemParagraph\">Young, dynamic team<\/li>\n<li data-test=\"two-column-list-itemParagraph\">3500-4000 PLN net per month for 4 hours \/ day job<\/li>\n<\/ul>\n<p>&nbsp;<\/p>\n<h6 style=\"color: #038b45;\"><strong>Job Features<\/strong><\/h6>\n<p>&nbsp;<\/p>\n<\/div><\/div><div class=\"w-html\"><style>\ntable {\n  border-collapse: collapse;\n  width: 100%;\n}\n\nth, td {\n  text-align: left;\n  padding: 26px;\nfont-size: 18px;\n}\n\ntr:nth-child(even) {\nbackground-color: #f2f2f2;\nmax-height: 30px;\n}\n<\/style>\n\n\n\n<div style=\"overflow-x: auto;\">\n  <table>\n    <tr>\n      <td>Location<\/td>\n      <td>Warsaw, ul. Prosta 20<\/td>\n    <\/tr>\n    <hr class=\"vonal\">\n    <tr>\n      <td>Agreement<\/td>\n      <td>Contract of employment<\/td>\n    <\/tr>\n    <tr>\n      <td>Employee Level<\/td>\n      <td>Specialist (mid \/ regular)<\/td>\n    <\/tr>\n     <tr>\n      <td>Start date<\/td>\n     <td>Immediate employment<\/td>\n    <\/tr>\n     <tr>\n      <td>Benefits<\/td>\n      <td>Attractive salary<\/td>\n    <\/tr>\n     <tr>\n      <td>Flexibility<\/td>\n      <td>Hybrid work<\/td>\n    <\/tr>\n     <tr>\n      <td>Type<\/td>\n      <td>Part time<\/td>\n    <\/tr>\n     <tr>\n      <td>Recruitment<\/td>\n      <td>Remote recruitment<\/td>\n    <\/tr>\n    <tr>\n  <\/table>\n<\/div><\/div><\/div><\/div><\/div><\/div><\/section><section class=\"l-section wpb_row height_medium\"><div class=\"l-section-h i-cf\"><div class=\"g-cols vc_row via_grid cols_1 laptops-cols_inherit tablets-cols_inherit mobiles-cols_1 valign_top type_default stacking_default\"><div class=\"wpb_column vc_column_container\"><div class=\"vc_column-inner\"><div class=\"wpb_text_column\"><div class=\"wpb_wrapper\"><p class=\"p1\" style=\"text-align: center;\">Sounds interesting? Send your CV to:<\/p>\n<h4 style=\"text-align: center;\"><strong><a href=\"mailto:kariera@bauapp.pl\">kariera@bauapp.pl<\/a><\/strong><\/h4>\n<\/div><\/div><\/div><\/div><\/div><\/div><\/section>\n","protected":false},"excerpt":{"rendered":"Part time Finance and Administration Coordinator Poland, Warsaw, ul. Prosta 20, hybrid work, part time, contract of employment, specialist (mid \/ regular), immediate employment, attractive salary, remote recruitment Your responsibilities Administrative tasks: invoicing, contracting, collecting and maintaining documents Budgeting and controlling Keeping contact with the bookkeeper company Supporting the organization by providing a well functioning...","protected":false},"author":1,"featured_media":0,"parent":0,"menu_order":0,"comment_status":"closed","ping_status":"closed","template":"","meta":{"_exactmetrics_skip_tracking":false,"_exactmetrics_sitenote_active":false,"_exactmetrics_sitenote_note":"","_exactmetrics_sitenote_category":0,"footnotes":""},"class_list":["post-1677","page","type-page","status-publish","hentry"],"yoast_head":"<!-- This site is optimized with the Yoast SEO plugin v27.4 - https:\/\/yoast.com\/product\/yoast-seo-wordpress\/ -->\n<title>Part_time - bauapp.pl<\/title>\n<meta name=\"robots\" content=\"index, follow, max-snippet:-1, max-image-preview:large, max-video-preview:-1\" \/>\n<link rel=\"canonical\" href=\"https:\/\/bauapp.pl\/?page_id=1677\" \/>\n<meta property=\"og:locale\" content=\"hu_HU\" \/>\n<meta property=\"og:type\" content=\"article\" \/>\n<meta property=\"og:title\" content=\"Part_time - bauapp.pl\" \/>\n<meta property=\"og:url\" content=\"https:\/\/bauapp.pl\/?page_id=1677\" \/>\n<meta property=\"og:site_name\" content=\"bauapp.pl\" \/>\n<meta property=\"article:modified_time\" content=\"2024-06-24T13:03:20+00:00\" \/>\n<meta name=\"twitter:card\" content=\"summary_large_image\" \/>\n<meta name=\"twitter:label1\" content=\"Becs\u00fclt olvas\u00e1si id\u0151\" \/>\n\t<meta name=\"twitter:data1\" content=\"2 perc\" \/>\n<script type=\"application\/ld+json\" class=\"yoast-schema-graph\">{\"@context\":\"https:\\\/\\\/schema.org\",\"@graph\":[{\"@type\":\"WebPage\",\"@id\":\"https:\\\/\\\/bauapp.pl\\\/?page_id=1677\",\"url\":\"https:\\\/\\\/bauapp.pl\\\/?page_id=1677\",\"name\":\"Part_time - bauapp.pl\",\"isPartOf\":{\"@id\":\"https:\\\/\\\/bauapp.pl\\\/#website\"},\"datePublished\":\"2024-06-24T11:04:30+00:00\",\"dateModified\":\"2024-06-24T13:03:20+00:00\",\"breadcrumb\":{\"@id\":\"https:\\\/\\\/bauapp.pl\\\/?page_id=1677#breadcrumb\"},\"inLanguage\":\"hu\",\"potentialAction\":[{\"@type\":\"ReadAction\",\"target\":[\"https:\\\/\\\/bauapp.pl\\\/?page_id=1677\"]}]},{\"@type\":\"BreadcrumbList\",\"@id\":\"https:\\\/\\\/bauapp.pl\\\/?page_id=1677#breadcrumb\",\"itemListElement\":[{\"@type\":\"ListItem\",\"position\":1,\"name\":\"Kezd\u0151lap\",\"item\":\"https:\\\/\\\/bauapp.pl\\\/\"},{\"@type\":\"ListItem\",\"position\":2,\"name\":\"Part_time\"}]},{\"@type\":\"WebSite\",\"@id\":\"https:\\\/\\\/bauapp.pl\\\/#website\",\"url\":\"https:\\\/\\\/bauapp.pl\\\/\",\"name\":\"bauapp.pl\",\"description\":\"Aplikacja mobilna Bauapp Kft Construction\",\"potentialAction\":[{\"@type\":\"SearchAction\",\"target\":{\"@type\":\"EntryPoint\",\"urlTemplate\":\"https:\\\/\\\/bauapp.pl\\\/?s={search_term_string}\"},\"query-input\":{\"@type\":\"PropertyValueSpecification\",\"valueRequired\":true,\"valueName\":\"search_term_string\"}}],\"inLanguage\":\"hu\"}]}<\/script>\n<!-- \/ Yoast SEO plugin. -->","yoast_head_json":{"title":"Part_time - bauapp.pl","robots":{"index":"index","follow":"follow","max-snippet":"max-snippet:-1","max-image-preview":"max-image-preview:large","max-video-preview":"max-video-preview:-1"},"canonical":"https:\/\/bauapp.pl\/?page_id=1677","og_locale":"hu_HU","og_type":"article","og_title":"Part_time - bauapp.pl","og_url":"https:\/\/bauapp.pl\/?page_id=1677","og_site_name":"bauapp.pl","article_modified_time":"2024-06-24T13:03:20+00:00","twitter_card":"summary_large_image","twitter_misc":{"Becs\u00fclt olvas\u00e1si id\u0151":"2 perc"},"schema":{"@context":"https:\/\/schema.org","@graph":[{"@type":"WebPage","@id":"https:\/\/bauapp.pl\/?page_id=1677","url":"https:\/\/bauapp.pl\/?page_id=1677","name":"Part_time - bauapp.pl","isPartOf":{"@id":"https:\/\/bauapp.pl\/#website"},"datePublished":"2024-06-24T11:04:30+00:00","dateModified":"2024-06-24T13:03:20+00:00","breadcrumb":{"@id":"https:\/\/bauapp.pl\/?page_id=1677#breadcrumb"},"inLanguage":"hu","potentialAction":[{"@type":"ReadAction","target":["https:\/\/bauapp.pl\/?page_id=1677"]}]},{"@type":"BreadcrumbList","@id":"https:\/\/bauapp.pl\/?page_id=1677#breadcrumb","itemListElement":[{"@type":"ListItem","position":1,"name":"Kezd\u0151lap","item":"https:\/\/bauapp.pl\/"},{"@type":"ListItem","position":2,"name":"Part_time"}]},{"@type":"WebSite","@id":"https:\/\/bauapp.pl\/#website","url":"https:\/\/bauapp.pl\/","name":"bauapp.pl","description":"Aplikacja mobilna Bauapp Kft Construction","potentialAction":[{"@type":"SearchAction","target":{"@type":"EntryPoint","urlTemplate":"https:\/\/bauapp.pl\/?s={search_term_string}"},"query-input":{"@type":"PropertyValueSpecification","valueRequired":true,"valueName":"search_term_string"}}],"inLanguage":"hu"}]}},"_links":{"self":[{"href":"https:\/\/bauapp.pl\/index.php?rest_route=\/wp\/v2\/pages\/1677","targetHints":{"allow":["GET"]}}],"collection":[{"href":"https:\/\/bauapp.pl\/index.php?rest_route=\/wp\/v2\/pages"}],"about":[{"href":"https:\/\/bauapp.pl\/index.php?rest_route=\/wp\/v2\/types\/page"}],"author":[{"embeddable":true,"href":"https:\/\/bauapp.pl\/index.php?rest_route=\/wp\/v2\/users\/1"}],"replies":[{"embeddable":true,"href":"https:\/\/bauapp.pl\/index.php?rest_route=%2Fwp%2Fv2%2Fcomments&post=1677"}],"version-history":[{"count":25,"href":"https:\/\/bauapp.pl\/index.php?rest_route=\/wp\/v2\/pages\/1677\/revisions"}],"predecessor-version":[{"id":1705,"href":"https:\/\/bauapp.pl\/index.php?rest_route=\/wp\/v2\/pages\/1677\/revisions\/1705"}],"wp:attachment":[{"href":"https:\/\/bauapp.pl\/index.php?rest_route=%2Fwp%2Fv2%2Fmedia&parent=1677"}],"curies":[{"name":"wp","href":"https:\/\/api.w.org\/{rel}","templated":true}]}}